are the prime factors of b?
11
What are the prime factors of (-6865)/(-10) + 3 - (-6)/(-4)?
2, 43
Let z = -118 - -1431. What are the prime factors of z?
13, 101
Let j(s) = 32*s**2 - 30*s - 29. What are the prime factors of j(-10)?
3, 13, 89
Let f = -1 - -4. Let r be 5/(20/(-4))*-37. Suppose -4*o - 5*p = -63, o - f*p + 0 = r. What are the prime factors of o?
2, 11
Let d(q) = q**3 - 14*q**2 + 7*q + 16. Let g(c) = -c**3 + 21*c**2 - c + 35. Let t be g(21). List the prime factors of d(t).
2, 3, 19
Let r(c) be the second derivative of c**3/6 + 3*c**2 - c. Let p be r(-8). List the prime factors of 9/(70/32 + p).
2, 3
Suppose 51 = 2*h - 1. Suppose 7*t - 114 - h = 0. List the prime factors of t.
2, 5
Suppose -2*z = 3*q - 7*q - 16, z + 1 = -q. Suppose z*s - 2 = 0, -3*x - s - 19 = -2*s. Let d = x - -21. List the prime factors of d.
3, 5
Let n(o) = 4*o**2 - 2*o + 22. Let d be (4/(-6) - 0)/((-7)/84). What are the prime factors of n(d)?
2, 131
Let m be (8/(-12))/(2/(-6)). List the prime factors of (m - (3 + 3)) + 73.
3, 23
Suppose -5*z + 1173 = -10*z - 3*f, -4*z - 2*f = 938. Let t = 370 + z. What are the prime factors of t?
2, 17
Let y be (-141)/(-9) + 2/(-3). Suppose -5*f + 25 = -5*u, -u - 2*u - y = 4*f. Suppose 3*m - b + 2*b = 75, 4*m + b - 99 = f. List the prime factors of m.
2, 3
Suppose 3*p - 1185 - 6922 = 4*h, 3*h = -12. What are the prime factors of p?
3, 29, 31
What are the prime factors of ((-1)/(-3))/(-7*(-1)/3675)?
5, 7
What are the prime factors of -4 - ((-3 - -5) + 0 + -1397)?
13, 107
Suppose -w - 4 = -2*x + 28, -40 = 2*w + 2*x. Let p = w + 69. What are the prime factors of p?
3, 5
Suppose 1 + 14 = 3*n. Suppose 333 = 2*s + c, -n*s + 884 = -c + 62. What are the prime factors of s?
3, 5, 11
Let x(t) = -3*t - 8. Suppose -2 = -u, -2*g - 20 = u - 6. Let f be x(g). Suppose 2*s - f = -2*s. What are the prime factors of s?
2
Let o = 191 + -173. What are the prime factors of o?
2, 3
Let t be (11 + -11)*(-2)/4. Suppose 5*p + t = 3*q + 2, 4*q + 11 = 5*p. Let g = q - -18. What are the prime factors of g?
3
Suppose -24 = -a - 5*d, 7*d - 3*d = 3*a - 91. What are the prime factors of 15/(-20)*-4 + a?
2
Let w be ((-15)/(-20))/(6/16). Let v be w/7 + (-229)/(-7). Suppose 2*l + 1 - v = 0. What are the prime factors of l?
2
Suppose -3*k + 72 = 5*k. Suppose k*j = 161 + 307. List the prime factors of j.
2, 13
Let m be ((-12)/18)/(1/(-6)). What are the prime factors of 2*(m - 50/(-2))?
2, 29
Let y(t) = 28*t**2 + 26*t + 140. What are the prime factors of y(-5)?
2, 5, 71
Let f(c) = -c**2 - 15*c - 10. Let q be f(-9). Suppose -15*y - q = -17*y. List the prime factors of y.
2, 11
List the prime factors of (2/(-4))/(18/(-2592) - 0).
2, 3
Let l(c) = -28*c - 5. Let a be l(-1). Suppose -18*g - 50 = -a*g. List the prime factors of g.
2, 5
Let v = 1409 + -1058. List the prime factors of v.
3, 13
Let a(m) = m + 12. Let n be a(-9). Suppose 0 = -n*o + z + 6 + 9, 3*o - 3*z = 21. Suppose k + 6*g - 4*g = 9, 0 = -o*k - g + 36. What are the prime factors of k?
3
Suppose 5*l - 93 = 2. Suppose 2*u = u + l. Suppose -4*p + u = -1. What are the prime factors of p?
5
Let d(b) = 104*b**2 + 21*b + 215. List the prime factors of d(-6).
3833
Suppose 8*m - 4*m + 20 = 0. List the prime factors of 12 - 5/(m/(-2)).
2, 5
Let w = 1 + 4. Suppose w*o = 2*t + 24, -5*o - 3*t = -2*t - 18. What are the prime factors of o?
2
Suppose -2*s = -198*w + 194*w + 1810, 0 = 3*w - 5*s - 1354. What are the prime factors of w?
3, 151
Let l be (6 + -130)*(-1)/1. Let g be (5/1)/((-2 + 1)/(-1)). Suppose l = g*y - 26. What are the prime factors of y?
2, 3, 5
Let d(b) = -6*b**3 - 4*b. Let g(j) = 1. Let p(u) = d(u) - g(u). List the prime factors of p(-2).
5, 11
What are the prime factors of ((-180933)/615)/(1/(-10))?
2, 1471
List the prime factors of 2 - (-5)/(-3) - (-251732)/282.
19, 47
Let m(j) = j + 3. Suppose 0 = -2*y - q - 7, -5*q - 28 = 3*y. Let k be m(y). Suppose 3*b - v - 69 = 4*v, -k*b + 30 = 2*v. What are the prime factors of b?
2, 3
Suppose -14 = 5*p + 51. Let t = -9 - p. Suppose t*d = 4*a - 280, 2*a - 138 = -0*d + d. What are the prime factors of a?
2, 17
Suppose -1160 = -61*m + 57*m. What are the prime factors of m?
2, 5, 29
Let r(v) = v + 1. Let p(m) = -4*m - 10. Let i(j) = 2*p(j) + 10*r(j). Let l be i(12). Suppose -2*g + 70 = -l. What are the prime factors of g?
2, 3, 7
Suppose -h + g - 3*g + 173 = 0, 0 = -4*h - g + 678. Let w = -66 + h. List the prime factors of w.
103
Let j(t) = -t**3 + 10*t**2 + 12*t + 1. List the prime factors of j(9).
2, 5, 19
List the prime factors of (-684)/(-20)*(-925)/(-15).
3, 19, 37
Suppose 0 = 234*p - 210*p - 38400. List the prime factors of p.
2, 5
Suppose -3*t - 390 = -3*b, 4*t = 2*t - 5*b - 253. Let q = t + 204. List the prime factors of q.
3, 5
Let i(r) = r**3 - 10*r**2 + 12*r + 1. Let t be i(9). Suppose g = 5*g + t. Let x = 9 + g. List the prime factors of x.
2
Suppose 2*y + 0 - 8 = 0. Suppose -z - 8 = -y. List the prime factors of ((-32)/20)/(z/10).
2
Suppose -1568 = -2*w + 4*c, 0 = -3*w + 2*c - 0*c + 2352. List the prime factors of w.
2, 7
Suppose -4*z = -4*w - 8, -6*z = 4*w - z + 26. List the prime factors of 3 + (-5)/(w/(-4)) - -130.
2
Suppose v = -5*x + 42, 3*x = v + v + 20. Suppose -r + 3*r = x. Suppose -f = -r - 1. List the prime factors of f.
5
What are the prime factors of ((-2)/((-4)/1250))/1?
5
Let k be ((-14)/8)/((-8)/128). Suppose 0 = -5*c + k + 2. Suppose -h = -6 - c. What are the prime factors of h?
2, 3
Let g be 115 + -3 + 0/2. Let m(z) = -z**2 - 10*z + 4. Let p be m(-10). Suppose -3*d - p*q = -g, -29 = -d - 0*q - 3*q. What are the prime factors of d?
2, 11
Let x(s) = -10*s**2 + 26*s + 45. Let j be x(-16). What are the prime factors of 22/(-143) + j/(-39)?
3, 5
Let b be (-5)/(-20) + (-4 - 3441/(-12)). Suppose -21*g + 5009 + b = 0. List the prime factors of g.
2, 3, 7
Suppose 3*x - 5*o = -325, 305 = 2*x - 5*x - 5*o. Let b = -665 + 824. Let y = b + x. List the prime factors of y.
2, 3
What are the prime factors of (-23103)/(-54) - (1 - (-28)/(-24))?
2, 107
What are the prime factors of (-4428)/42*(-21)/6*6?
2, 3, 41
Let c(j) = 68*j**2 + 5*j - 1. List the prime factors of c(3).
2, 313
Let u(c) = 106*c**2 + 9*c + 3. What are the prime factors of u(2)?
5, 89
Let m(l) = -22*l**3 - 9*l**2 - 24*l + 6. What are the prime factors of m(-3)?
3, 197
Let i = 569 + -185. What are the prime factors of i?
2, 3
Suppose -5*z = 17*w - 12*w - 5155, 5*z + 2034 = 2*w. What are the prime factors of w?
13, 79
Let p = -53 + 90. Let f = 118 - p. What are the prime factors of f?
3
Suppose 46*j - 59*j = -8203. List the prime factors of j.
631
Let r(i) = i**3 - 2*i**2 - i + 4. Let j be r(-2). Let l = j - -12. Suppose -220 = -6*v + 2*v + 4*d, -168 = -3*v + l*d. What are the prime factors of v?
2, 29
Let r(n) = 2*n + 8. Let k be r(11). Let z = -15 + k. Suppose -5*h + z = 0, 2*w - 42 = -h - 3*h. What are the prime factors of w?
3, 5
Let t be (-12)/(-4) + -1 + 0. Suppose t*x + 3 = -3. Let v = x + 31. List the prime factors of v.
2, 7
List the prime factors of ((-3)/(-12))/((-4)/5568*-4).
3, 29
Let i be 4 + 8/2 + -6. Suppose 4*l = -1 + 21. Suppose -l*c - 41 = -3*t + 8, c = -i. List the prime factors of t.
13
Let m(g) = -24*g - 20. List the prime factors of m(-22).
2, 127
Let l be (-18)/18 + 1*4. Suppose l*a - 229 + 19 = 0. List the prime factors of a.
2, 5, 7
Let j = 657 - -173. List the prime factors of j.
2, 5, 83
Let t(x) = -x**3 + 7*x + 2. Let c be t(-5). List the prime factors of (-10)/(360/c - 4).
5, 23
Suppose 3*h + 2124 + 6621 = 0. Let o be ((-3)/5)/(11/h). Suppose 225 - 60 = 4*k + 5*t, 4*k = t + o. What are the prime factors of k?
2, 5
Suppose 5*x - 15*x + 9010 = 0. What are the prime factors of x?
17, 53
Let a(j) = -j - 6. Let o be a(-6). Let h(d) = -2*d**2 - 32*d + 2. Let i be h(-16). Suppose i*f = -2*f - 4*w + 80, 3*w + 3 = o. List the prime factors of f.
3, 7
Let a = 2016 + -1253. What are the prime factors of a?
7, 109
Suppose 0 = -4*i + 8*i - 8. Suppose o = 4*h - 2, -5*h - 2 = -i*o - 3. List the prime factors of o/(-4) - 123/(-6).
2, 5
Let y(x) = x**3 + 6*x**2 - 10*x + 2. Let t be y(-6). Let p = -10 - 30. Let j = p + t. List the prime factors of j.
2, 11
What are the prime factors of 3 + 2 - 2 - -1961?
2, 491
Let r be -1 + 6 + -1 - -1. Let h(d) = -3*d**3 + 60*d**2 - d + 40. L